t is the tens digit of 4063949?
4
What is the hundreds digit of 1820802?
8
What is the tens digit of 139094?
9
What is the thousands digit of 35000?
5
What is the hundreds digit of 3971643?
6
What is the ten thousands digit of 431071?
3
What is the tens digit of 934193?
9
What is the units digit of 10599514?
4
What is the units digit of 124395?
5
What is the hundred thousands digit of 711877?
7
What is the hundred thousands digit of 335309?
3
What is the tens digit of 2314347?
4
What is the tens digit of 298136?
3
What is the hundred thousands digit of 155532?
1
What is the hundred thousands digit of 14230222?
2
What is the thousands digit of 67377?
7
What is the tens digit of 100210?
1
What is the hundreds digit of 111700?
7
What is the hundreds digit of 1817074?
0
What is the thousands digit of 25434?
5
What is the units digit of 1235879?
9
What is the hundred thousands digit of 7885550?
8
What is the thousands digit of 2062260?
2
What is the hundred thousands digit of 940255?
9
What is the units digit of 162502?
2
What is the thousands digit of 109691?
9
What is the hundreds digit of 144966?
9
What is the units digit of 2630628?
8
What is the hundreds digit of 96600?
6
What is the tens digit of 1852825?
2
What is the thousands digit of 87849?
7
What is the tens digit of 20026126?
2
What is the hundreds digit of 1467075?
0
What is the millions digit of 1915270?
1
What is the millions digit of 3912406?
3
What is the millions digit of 2668988?
2
What is the units digit of 385748?
8
What is the millions digit of 1020705?
1
What is the thousands digit of 1761732?
1
What is the hundred thousands digit of 365133?
3
What is the ten thousands digit of 538403?
3
What is the tens digit of 256563?
6
What is the units digit of 3255620?
0
What is the hundreds digit of 3194378?
3
What is the thousands digit of 637936?
7
What is the hundred thousands digit of 2734497?
7
What is the thousands digit of 565412?
5
What is the units digit of 2734449?
9
What is the thousands digit of 38466?
8
What is the ten thousands digit of 2415841?
1
What is the thousands digit of 2590404?
0
What is the ten millions digit of 12453516?
1
What is the hundreds digit of 428005?
0
What is the hundred thousands digit of 980332?
9
What is the millions digit of 11362762?
1
What is the hundred thousands digit of 31422821?
4
What is the tens digit of 177262?
6
What is the hundred thousands digit of 41350815?
3
What is the units digit of 909638?
8
What is the units digit of 11448?
8
What is the units digit of 421938?
8
What is the hundred thousands digit of 3212012?
2
What is the units digit of 4074684?
4
What is the units digit of 6404405?
5
What is the hundreds digit of 4226397?
3
What is the hundreds digit of 90750?
7
What is the tens digit of 342659?
5
What is the tens digit of 10866551?
5
What is the units digit of 929475?
5
What is the hundred thousands digit of 1258243?
2
What is the tens digit of 105801?
0
What is the tens digit of 244995?
9
What is the thousands digit of 780469?
0
What is the units digit of 7460807?
7
What is the thousands digit of 17428181?
8
What is the tens digit of 1157584?
8
What is the tens digit of 288916?
1
What is the tens digit of 103795?
9
What is the ten thousands digit of 24243870?
4
What is the units digit of 792412?
2
What is the hundreds digit of 2954742?
7
What is the units digit of 319008?
8
What is the tens digit of 1375963?
6
What is the units digit of 442272?
2
What is the hundreds digit of 10130429?
4
What is the hundreds digit of 794204?
2
What is the tens digit of 239366?
6
What is the hundred thousands digit of 249367?
2
What is the ten thousands digit of 2911885?
1
What is the tens digit of 1517963?
6
What is the hundred thousands digit of 499408?
4
What is the hundred thousands digit of 14392129?
3
What is the thousands digit of 114325?
4
What is the hundreds digit of 2628286?
2
What is the hundreds digit of 1771179?
1
What is the millions digit of 1100254?
1
What is the hundred thousands digit of 9412687?
4
What is the units digit of 298665?
5
What is the thousands digit of 984657?
4
What is the units digit of 156509?
9
What is the thousands digit of 72684?
2
What is the thousands digit of 16050614?
0
What is the units digit of 324431?
1
What is the thousands digit of 634355?
4
What is the units digit of 26162?
2
What is the ten thousands digit of 5053290?
5
What is the ten thousands digit of 5409606?
0
What is the millions digit of 22482219?
2
What is the millions digit of 6879217?
6
What is the ten thousands digit of 12515487?
1
What is the thousands digit of 208906?
8
What is the hundred thousands digit of 128094?
1
What is the thousands digit of 717845?
7
What is the tens digit of 443766?
6
What is the units digit of 13416?
6
What is the units digit of 43377705?
5
What is the thousands digit of 136795?
6
What is the ten thousands digit of 376337?
7
What is the ten millions digit of 11518912?
1
What is the units digit of 7153461?
1
What is the hundreds digit of 1204929?
9
What is the units digit of 130826?
6
What is the millions digit of 3003347?
3
What is the thousands digit of 42145?
2
What is the units digit of 310564?
4
What is the hundred thousands digit of 152904?
1
What is the hundred thousands digit of 11552602?
5
What is the units digit of 345787?
7
What is the millions digit of 8541179?
8
What is the hundred thousands digit of 2518840?
5
What is the thousands digit of 329652?
9
What is the hundreds digit of 635082?
0
What is the thousands digit of 17346114?
6
What is the units digit of 7870664?
4
What is the ten thousands digit of 1377675?
7
What is the hundreds digit of 8735170?
1
What is the units digit of 7829254?
4
What is the thousands digit of 24441651?
1
What is the tens digit of 1099254?
5
What is the ten thousands digit of 1343139?
4
What is the thousands digit of 306810?
6
What is the hundreds digit of 1332110?
1
What is the hundreds digit of 8254411?
4
What is the ten thousands digit of 85017?
8
What is the ten thousands digit of 188324?
8
What is the units digit of 2695693?
3
What is the hundreds digit of 348210?
2
What is the thousands digit of 3002861?
2
What is the ten thousands digit of 1773758?
7
What is the hundred thousands digit of 901599?
9
What is the units digit of 2322161?
1
What is the hundred thousands digit of 253760?
2
What is the hundreds digit of 36380478?
4
What is the hundreds digit of 262217?
2
What is the hundred thousands digit of 706358?
7
What is the ten thousands digit of 2004161?
0
What is the tens digit of 528386?
8
What is the hundred thousands digit of 185059?
1
What is the hundred thousands digit of 552233?
5
What is the tens digit of 30501?
0
What is the tens digit of 1077734?
3
What is the units digit of 31765061?
1
What is the units digit of 180556?
6
What is the units digit of 183384?
4
What is the ten thousands digit of 22733987?
3
What is the hundreds digit of 942047?
0
What is the ten thousands digit of 109669?
0
What is the hundreds digit of 864172?
1
What is the tens digit of 281083?
8
What is the units digit of 40689?
9
What is the hundred thousands digit of 6774393?
7
What is the hundred thousands digit of 603596?
6
What is the tens digit of 680910?
1
What is the tens digit of 3153?
5
What is the tens digit of 926667?
6
What is the hundreds digit of 2305336?
3
What is the thousands digit of 1822986?
2
What is the thousands digit of 24378938?
8
What is the hundred thousands digit of 906638?
9
What is the units digit of 194962?
2
What is the thousands digit of 175238?
5
What is the tens digit of 4580895?
9
What is the units digit of 20634778?
8
What is the hundred thousands digit of 172712?
1
What is the thousands digit of 111456?
1
What is the thousands digit of 399362?
9
What is the hundred thousands digit of 12528086?
5
What is the hundred thousands digit of 11128695?
1
What is the ten thousands digit of 529883?
2
What is the hundred thousands digit of 163051?
1
What is the units digit of 1124289?
9
What is the units digit of 324362?
2
What is the millions digit of 8697995?
8
What is the units digit of 169457?
7
What is the thousands digit of 2598?
2
What is the tens digit of 92263?
6
What is the units digit of 29936758?
8
What is the thousands digit of 167623?